0 + 20. What are the prime factors of a?
5, 11
Let c(p) = 2*p + 2. Let v be c(-4). Let b(f) = -f**3 - 7*f**2 - 5*f + 8. Let s be b(v). Suppose 5*g - 54 = s*g. What are the prime factors of g?
2, 3
Let n(w) = 5*w**2 - 4*w - 74. Let y(h) = -h**2 + h + 15. Let k(s) = -2*n(s) - 11*y(s). List the prime factors of k(-5).
23
Let y(d) = d**3 - 10*d**2 + 10*d + 21. Let l be ((-1)/(-2)*-3)/(3/(-18)). What are the prime factors of y(l)?
2, 3, 5
Let v(q) = -907*q - 291. List the prime factors of v(-6).
3, 17, 101
Suppose 3*p + 3 = -n + p, 2*n - 5*p = 21. Let c(i) = 14*i**2 - 2*i - 7. List the prime factors of c(n).
113
Suppose 25*f + 2460 = 28*f. What are the prime factors of f?
2, 5, 41
Let t be (1 + 2/4)*10. Let k = 42 - t. What are the prime factors of k?
3
Let z(n) = n**2 - 16*n + 2. Let g be z(16). Let w = 14 - g. Let b(h) = 2*h - 7. What are the prime factors of b(w)?
17
Suppose y - 275 = -r, -2*r = -r + 2*y - 275. What are the prime factors of r?
5, 11
Let i(u) = u - 3. Let k be i(8). Let a be 42 + k/((-20)/8). Suppose 16*v - 18*v + a = 0. What are the prime factors of v?
2, 5
Suppose 5*i = 9*i - 12. Suppose i*g - 12 = -3*g. List the prime factors of 358/10 + g/10.
2, 3
Let l(d) = d**2 + 11*d + 9. Let t be 6*((-7)/2)/7. Let u(o) = -o**2 + 2*o + 4. Let x be u(t). What are the prime factors of l(x)?
3
Let c(l) = -l**2 - 5*l + 7. Let w be c(-6). What are the prime factors of -4 - (1 + -206 + w)?
2, 5
Suppose -14976 = 160*w - 168*w. List the prime factors of w.
2, 3, 13
Let k = 1 - -2. Suppose -k*l = -3*s - s - 73, -l = 2*s - 31. Suppose 4*u - 5*a - 12 + 3 = 0, -l = -5*u + a. What are the prime factors of u?
2, 3
Let i(a) = -9*a + 9*a**2 - a**3 - a**2 + 8 + 0*a**3. Let k be i(5). Let n = k + 12. List the prime factors of n.
2, 5
Suppose -28*g = -27*g - 877. What are the prime factors of g?
877
Let w be -21 + 22 + (2 - 0). List the prime factors of (226/(-4))/(w/(-6)).
113
List the prime factors of (-393*(-1)/15)/(5/50).
2, 131
Let f = -106 + 198. Suppose 87*s + 980 = f*s. What are the prime factors of s?
2, 7
Let z = -3688 - -6353. List the prime factors of z.
5, 13, 41
Let v be (-3)/(-1 - (5 - 5)). Suppose 2*p + 172 = 4*j - 262, -3*p = v*j - 348. List the prime factors of j.
3, 37
Let s(l) = 5*l**2 + 8*l - 69. What are the prime factors of s(6)?
3, 53
Let s(b) = 3*b**3 - 2*b**2 - 2. Let w be s(3). Suppose -4*t + 3 = -3*t - 5*j, -5*t + 2*j + w = 0. List the prime factors of t.
13
Let l = 7084 + -4865. List the prime factors of l.
7, 317
Let c be (-2)/2 - (-1 + 7). Let q(l) = -l - 9. Let i be q(c). What are the prime factors of (5 + -2)*9 + i?
5
Let g = 35 + -24. Suppose -g*p = -2*p - 747. What are the prime factors of p?
83
Suppose 0 = 5*c - 3*u + 368, 108 = -4*c - u - 200. Let s = c + 122. List the prime factors of s.
2, 23
Suppose 91 = 6*a + 19. Let d(w) = 2*w + 5. List the prime factors of d(a).
29
Let t be (5 - -3 - 2) + 0/(-9). Suppose 0 = -k, 2*k = o - k + 1. List the prime factors of t/2 + o + 2.
2
Let z(n) = 2*n**2 - 12*n - 16. Let c be z(14). Suppose -l = r - 97, 0 = 3*r + l - c - 83. List the prime factors of r.
97
Let y = 1899 + -1331. What are the prime factors of y?
2, 71
Let d(n) = n**3 - 4*n**2 + 7*n - 4. Let x be 1*-5 + (4 - 5). Let c(m) = m**2 + 6*m + 4. Let p be c(x). What are the prime factors of d(p)?
2, 3
Let u be ((-6)/(-2))/(6/(-8)) + 8. Suppose 4*x = -u*s + 664, -x = -2*s - 2*x + 335. What are the prime factors of s?
13
Let y(q) = q**3 + 4*q**2 - 4*q + 2. Let o be (3/6 + 1)/(6/8). List the prime factors of y(o).
2, 3
Let m be (4 - 12/3) + -4. List the prime factors of 4/(-24)*m*(-747)/(-6).
83
Suppose 0 = -6*m + 34 + 14. What are the prime factors of 116/m - 6/(-4) - 3?
13
Let a(t) = -t - 1. Let g be a(-3). Let x(p) = 7*p + 1 + g - 9. List the prime factors of x(6).
2, 3
Suppose -3*r + 5*r + 2*d = 134, 4*r - 275 = 3*d. Let t = -68 + 29. Let y = t + r. List the prime factors of y.
29
Suppose -31*p - 1790 = -36*p. Suppose -5*u = 5*m - 450, 4*m + u + u - p = 0. List the prime factors of m.
89
Let r(y) = -y**2 + 14*y - 13. Let w be r(6). Let p be (-114)/12*2/(-1). Let c = w - p. List the prime factors of c.
2
Let u = -47 - -29. Let x = 33 + u. List the prime factors of x.
3, 5
Let h(o) = 2*o**2 + 22*o - 38. Let a be 5/(-3)*10 + 4/(-12). List the prime factors of h(a).
2, 83
Let z = 1163 + -1014. What are the prime factors of z?
149
Let v(f) = -35*f - 1. Let q be v(-5). Let t = 274 - q. List the prime factors of t.
2, 5
Suppose -o - 97 = u - 2*u, 2*o = -8. Let p = u + 17. What are the prime factors of p?
2, 5, 11
What are the prime factors of (-1)/4*-8 + 568?
2, 3, 5, 19
Let a(t) = -13*t**3 + 5*t**2 + 21*t + 14. List the prime factors of a(-7).
7, 653
Suppose 5*p + 5*y = 7030, -2*p - y + 870 = -1945. List the prime factors of p.
1409
Let d = -957 - -2258. What are the prime factors of d?
1301
Suppose -9 = 4*a - 1, 4*d = 5*a - 242. Let t = d + 109. List the prime factors of t.
2, 23
Suppose 14*x - 5*d + 12297 = 18*x, 3*x = d + 9218. What are the prime factors of x?
7, 439
Suppose 27*t - 4 = 28*t, -4*f + 2*t + 21580 = 0. What are the prime factors of f?
5393
Suppose 27 = -145*q + 148*q. What are the prime factors of q?
3
Let b = 55 + 40. Let j = b + -36. What are the prime factors of j?
59
Suppose -33*f + 21 = -30*f. What are the prime factors of f/21 + (-856)/(-6)?
11, 13
Suppose -91 = -2*o - p + 48, 293 = 4*o + 5*p. Let k = 61 + -59. Suppose k*n - o = 15. What are the prime factors of n?
41
Let b(r) = r**2 - 6*r - 1. Let z be b(3). Let c = z - 3. What are the prime factors of (0 + c)*(-6 - -3)?
3, 13
Let a(s) = -s**2 - s. Let b be a(-4). Let o(w) = w**3 - w**2 - 1. Let r(i) = i**3 - 14*i**2 + 5*i - 1. Let m(k) = 2*o(k) - r(k). List the prime factors of m(b).
59
What are the prime factors of (81/4)/((-17)/(-1020))?
3, 5
Suppose 0 = -3*g + 5 + 10. Suppose -z + 436 = g*c, -c - 2*z + 88 = -z. What are the prime factors of c?
3, 29
Let h(u) = 37*u**2 + 19*u + 10. List the prime factors of h(8).
2, 5, 11, 23
Let d(l) = l**2 + 3*l - 10. Let k be d(-5). Suppose k = o - 9 - 6. What are the prime factors of o?
3, 5
Let j = -441 - -1044. List the prime factors of j.
3, 67
Suppose 2 = o - 0*o. Suppose k - 31 - 17 = o*d, 4*k = -3*d + 148. What are the prime factors of k?
2, 5
Let w be (-10)/20*(-1 - -1). Suppose w = z + 2*z - 5*a - 32, 4*z - 28 = 3*a. Suppose -d - d + 130 = z*t, 126 = 2*d + 3*t. List the prime factors of d.
3, 19
Let r be (4/(-6))/(290/291 - 1). Suppose 4*h - r = 270. What are the prime factors of h?
2, 29
Suppose 4*g + 264 = a, -5*a - g + 1425 = -0*g. Suppose 2*x - h - 174 = -29, 0 = 4*x - 4*h - a. What are the prime factors of x?
2, 37
Suppose -80 = -o + 96. List the prime factors of o.
2, 11
Let l = 2560 + -668. What are the prime factors of l?
2, 11, 43
Let t be 36/(-24)*40/6. Let w = 14 - t. What are the prime factors of w?
2, 3
Suppose g = 4*g - 273. Suppose -x + 3*b + 27 = -0*x, -4*b - g = -5*x. What are the prime factors of x?
3, 5
Let g(c) = -81*c**3 - 5*c**2 + 3*c - 1. Let m(u) = 161*u**3 + 9*u**2 - 5*u + 2. Let y(j) = -7*g(j) - 4*m(j). List the prime factors of y(-1).
2, 19
Let t(p) = -5*p + 3*p**2 - 6*p + 14*p - 8*p + 16. List the prime factors of t(7).
2
Let w(j) = 2*j**2 - 45*j + 53. List the prime factors of w(25).
2, 89
Suppose 308 = 2*b + t, 266 = -3*b - 4*t + 738. Suppose -5*q = 27 - b. What are the prime factors of q?
5
Let i = 45 - 49. Let f = 31 + i. What are the prime factors of f?
3
List the prime factors of -325*(1/(-3))/((-15)/(-162)).
2, 3, 5, 13
Let b(m) = -m - 1. Let u(x) = -10*x + 37. Let z(q) = -5*b(q) + u(q). What are the prime factors of z(-12)?
2, 3, 17
Let o(t) = 2*t**2 + 25*t - 4. Suppose 6 = -2*q, -3*l - q - 31 = 14. List the prime factors of o(l).
2, 19
Let k = 3919 - 2520. What are the prime factors of k?
1399
List the prime factors of -1362*(-3 - (-85)/30).
227
Let t be (-4)/(-14) + -23*4/28. Let v(i) = i**3 - 4*i**2 - i - 4. Let a be v(4). What are the prime factors of a/12 + (-176)/t?
2, 29
Suppose -2*c + 1048 = d, 158*d - c - 1051 = 157*d. List the prime factors of d.
2, 3, 5, 7
Suppose -4 = -4*m - 12. Let d(c) = -8*c**3 - 4*c**2 - 2*c + 2. Let z be d(m). Suppose -3*a + 99 = -z. List the prime factors of a.
3, 17
Suppose 4*p - 20 = 2*f - 2, 8 = 4*p. Let l(x) = x**3 - 2*x**2 - 3*x + 2